l?
2, 43, 487
Suppose -4*q = -965*g + 967*g - 36792, -4 = q. What are the prime factors of g?
2, 43, 107
Let u = -1260 - -449. Let v = 924 + u. What are the prime factors of v?
113
Let m(y) = 119*y**2 + 4*y + 172. List the prime factors of m(-18).
2, 151
Suppose 62775 = 3*x + m, 429*m + 41836 = 2*x + 425*m. List the prime factors of x.
2, 5231
Let j(u) = -5*u**3 - 5*u**2 + 5*u + 16. Let t be j(-5). Suppose -5*s + t = -449. What are the prime factors of s?
2, 47
Let w = -689 + 925. Let o(p) = 27*p + 2. Let n be o(2). Suppose -n*b + 52*b = -w. List the prime factors of b.
59
Let m(s) = -5*s + 107. Let b be m(-8). Suppose -b*r = -149*r + 422. List the prime factors of r.
211
Suppose 0 = -2*a - 2*k - 6, 7*a - 10*a - 39 = -3*k. What are the prime factors of (-1 + (-12)/a)*976?
2, 61
Suppose -12*a + 11 = -c - 14*a, -35 = 5*c + 5*a. List the prime factors of (c*12)/6 - -105.
3, 11
Let o = 90746 + -30058. What are the prime factors of o?
2, 3793
What are the prime factors of (1/((-15)/10))/((-1)/(-86094)*-4)?
3, 4783
Let a be ((-3)/(-2))/((35/(-5))/(-854)). Suppose 3*j - 1080 = a. What are the prime factors of j?
421
Let l(v) = -645*v - 31. Suppose 3*j = 2*x - 12, x - 5*x = -5*j - 22. List the prime factors of l(j).
1259
Let m be (15/(-10))/((-5)/(-2) + -3). Suppose 12*o = 11*o + 4, m*v - 941 = -2*o. What are the prime factors of v?
311
Suppose 0*g + 479 = -g + u, -2*g = -3*u + 960. Let f = -262 - g. What are the prime factors of f?
5, 43
Suppose -118 = 3*x - 964. Let o = x - 159. List the prime factors of o.
3, 41
Let r = -10262 - -19109. What are the prime factors of r?
3, 983
Suppose 149*x + 2951725 - 21832870 = -574*x. What are the prime factors of x?
3, 5, 1741
Suppose -5*k + 170 - 535 = -5*c, -5*k + 2*c = 365. Let f be (-4)/6 + (-152)/6. Let j = f - k. List the prime factors of j.
47
Let d be ((-19)/(-38))/(1/2340). Suppose -g + 172 = -3*b - 413, 0 = -2*g - 2*b + d. What are the prime factors of g?
3, 5, 13
Let k = -87 - -86. Suppose j - 5*n + 3149 = 2*j, 4*j + 2*n - 12686 = 0. List the prime factors of (-12)/66 - j/33*k.
2, 3
Let i(a) = 2633*a**2 - 12*a + 1. List the prime factors of i(-4).
3, 17, 827
Let w = -360 - -345. What are the prime factors of 5*(-6 + (-1704)/w)?
2, 269
Suppose 65 = -21*c + 22*c. Suppose 0 = -k + 515 + c. Let w = -337 + k. What are the prime factors of w?
3
Let b be 4 - 1 - (9 - (-2 + 4)). Let p(j) = 3*j**2 + 6*j + 9. What are the prime factors of p(b)?
3, 11
Suppose 42700 = 6*b - b + 5*y, -4*y - 8515 = -b. What are the prime factors of b?
3, 5, 569
Let l be 1366/(-2)*-1 + -8 + 9. Suppose 0 = -5*w + 2*w + l. Suppose 0 = 3*p - 237 - w. List the prime factors of p.
5, 31
Let c be 3*85 - (-12 - -7). List the prime factors of (-8)/((-1565)/c + 6).
2, 13
Let u be (-2 + -19)/(7 - 8). Suppose -3*y = 2*k - u, 2*k - 5*y + 5 = 34. List the prime factors of (-6)/k + (-310)/(-4).
7, 11
Suppose 74*k - 78*k = -2*h - 27940, -k + 6952 = 5*h. List the prime factors of k.
2, 3491
Let u(f) = 4*f**3 + 136*f**2 - 90*f + 23. What are the prime factors of u(-31)?
5, 19, 151
Let s = -33 + 39. Let f(c) = 6*c**3 + 11*c**2 - 60*c + 2. What are the prime factors of f(s)?
2, 23, 29
Let v = 474 - 469. Suppose 239 - 3238 = -4*c - v*f, 5*f = -5. List the prime factors of c.
751
Suppose 2*p = -3642 + 10002. Suppose -86*d + 82*d + p = 0. Suppose -j + 6*j - d = 0. List the prime factors of j.
3, 53
Let a = 4873 - 522. List the prime factors of a.
19, 229
Suppose -7*x - 8*x - 15 = 0. What are the prime factors of (-4808)/(-32)*(x - -5)?
601
Let v = -167 + 150. Let g(w) = -w**3 - 18*w**2 - 19*w - 7. What are the prime factors of g(v)?
3
Suppose -275 = 15*x + 25. Let h(q) = -2*q**2 - 39*q + 109. List the prime factors of h(x).
89
Let a be 3/(-6) + 518/4 - 3. Let v(u) = 5*u + 10. Let k be v(9). Let y = a - k. List the prime factors of y.
71
Let r(l) = -15251*l**3 - 30*l**2 - 27*l + 4. What are the prime factors of r(-1)?
2, 3, 31, 41
Let w = 109 - 107. Suppose 0 = 9*h - 13*h + w*t + 6496, 5*t + 1633 = h. What are the prime factors of h?
3, 541
Let d = -20432 + 29798. What are the prime factors of d?
2, 3, 7, 223
Let w be (-4 - (-2 - 3))/((-2)/(-12)). Suppose 0 = w*l - 844 - 674. List the prime factors of l.
11, 23
Let w(h) = -16 - 4 + 6 - 2*h + 4*h. Let u be w(8). Suppose 3*x - 185 = 4*a - 6*a, u*a = 4*x - 256. What are the prime factors of x?
3, 7
Let f = -4779 - -8596. What are the prime factors of f?
11, 347
Let a(d) = 13*d**2 - 47*d + 20. Let s be a(7). Let q = s - -172. List the prime factors of q.
2, 5
Let b(x) = 2*x + 7 - 8*x**3 - 3*x**2 - 5*x**2 + 6*x**2. What are the prime factors of b(-4)?
479
Suppose 0 = -2*m + 2*q + 45120 + 21016, 2*m - 3*q = 66138. What are the prime factors of m?
2, 3, 11, 167
Suppose 11*p = -c + 25533, 49*c - 50*c + 4*p = -25428. List the prime factors of c.
2, 37, 43
Let g be ((-138)/4)/((-36)/48) - 4. Let v = 336 - g. List the prime factors of v.
2, 3, 7
What are the prime factors of (5 - 6)/(31/(-291989))?
9419
Let g be 55/(-44)*(-24)/2. Suppose -13*z + g = -8*z. Suppose -z*m = 34 - 547. What are the prime factors of m?
3, 19
Let a(t) = 2*t**2 - 32*t + 5. Let w be a(16). Suppose 5*d = -2*o + 45 + 236, -3*o + w*d + 434 = 0. What are the prime factors of o?
11, 13
Suppose 5*l - 5*v = 95, 0 = 2*l + 2*v - 7 - 27. Suppose 0*i + 3*u = 3*i - l, 4*i = -3*u + 38. Suppose 0 = -2*h - 0*h + i. List the prime factors of h.
2
Let k(w) = -11*w + 217. Suppose -20 = -10*i + 7*i + 5*h, -h = -4*i + 4. What are the prime factors of k(i)?
7, 31
Let g(f) be the third derivative of f**5/15 - 9*f**4/8 - 5*f**3 - 114*f**2. List the prime factors of g(19).
17, 53
Suppose 2*k + 573 = 5*i, i + k = -k + 117. Suppose -8*y - 16 = 32. Let d = y + i. What are the prime factors of d?
109
Suppose -18*z = -23*z - t + 44359, z = -3*t + 8855. List the prime factors of z.
19, 467
Suppose 2*j + 2*j = -4*g + 76, g - 3 = 0. Suppose 17*i = j*i + 91. List the prime factors of i.
7, 13
Let f = 38997 - 27152. List the prime factors of f.
5, 23, 103
Suppose -2*o = 3*z - 81601, -3*o + 170346 = -2*z + 47951. What are the prime factors of o?
11, 3709
Let n = 100 + -98. Suppose -n*p + 2*a + 16 = -0*p, -4 = -p - a. List the prime factors of p.
2, 3
Let d(k) = -30 - 4 - 17 - 8 + 53*k. What are the prime factors of d(12)?
577
Suppose l - g = 9, -2 = -5*g + 3. List the prime factors of (11 - l)/((-1)/(-4)).
2
Suppose 0 = 2*q - 6*w + 2*w - 14, 4*q - w - 14 = 0. Suppose -3*j = q*j - 78. What are the prime factors of j?
13
Let y(w) = -81*w - 2314. What are the prime factors of y(-72)?
2, 1759
Let s(l) = -2*l + 20. Suppose 0 = -3*f - 3*a + 7*a - 8, -31 = -4*f - 3*a. Suppose -3*v = -f*v. List the prime factors of s(v).
2, 5
Let z be (-70)/4*(0 - 20/35). Suppose 13*x = 18*x - z. Suppose 0*n - 218 = -x*n - 4*v, -3*n = -2*v - 351. What are the prime factors of n?
5, 23
Suppose -4139 = -8*j + 653. Let p = j + -419. List the prime factors of p.
2, 3, 5
Let w be (-12)/(-3) + 12/1. Suppose -5*x = -2*k - w, 7 = 2*x - k - 0*k. Suppose x*z + 396 = 5*c, 5*c - 8*z + 3*z - 390 = 0. List the prime factors of c.
2, 5
Let r(s) = -14*s - 107. Let p be r(-8). Let k(n) = 72*n - 40. What are the prime factors of k(p)?
2, 5
Let u(y) = 736*y + 4528. List the prime factors of u(68).
2, 3, 379
Suppose 9*b + 24 = 12*b. Let z(j) = -b*j + 50 + 59 + j. List the prime factors of z(0).
109
Let v(l) = -17*l - 17. Suppose 0 = 2*m - j - 105, 0 = -3*m + 4*j + 95 + 50. Let x be (88/m)/(1*1/(-10)). What are the prime factors of v(x)?
3, 5, 17
Let s be 0/(-1) - (16 + -6). Let b(k) = k**3 + 11*k**2 - 14*k + 2. Let q be b(s). Let r = -81 + q. What are the prime factors of r?
7, 23
Suppose 2*v = 5*y + 15, 13*v - 6 = 2*y + 8*v. Let q(w) = 3*w + 13. What are the prime factors of q(y)?
2
Let s be (30 + -2)*-5*(-14)/245. Suppose s*a - 5483 = 917. List the prime factors of a.
2, 5
Let c be 5 - (-57)/(-12) - (-2)/(-8). Suppose 2*d + 1 = 3*w, 4*d - 3 - 1 = c. List the prime factors of (w*82/(-4))/((-7)/14).
41
Let u = -144 - -142. What are the prime factors of u - -241 - (8 + -8)?
239
Suppose -428209 = -13*f - 56357. What are the prime factors of f?
2, 7151
Let q be (1 - -2)/(-3 - (-180)/58). Suppose 9192 = q*w - 13486. What are the prime factors of w?
2, 17, 23
Let d be 6870/(-40)*(-12)/9. Let x = d - -304. List the prime 